{"id":66,"date":"2015-08-07T21:42:12","date_gmt":"2015-08-07T19:42:12","guid":{"rendered":"http:\/\/neurolog-aarhus.dk\/wp\/?page_id=66"},"modified":"2019-10-13T10:41:56","modified_gmt":"2019-10-13T08:41:56","slug":"undersoegelse","status":"publish","type":"page","link":"https:\/\/neurolog-aarhus.dk\/?page_id=66","title":{"rendered":"Unders\u00f8gelse"},"content":{"rendered":"<p>Hos os kan du blive unders\u00f8gt og behandlet for sygdomme i nervesystemet. En neurologisk unders\u00f8gelse omfatter typisk<\/p>\n<ul>\n<li>En samtale om tidligere sygdomme og de aktuelle symptomer<\/li>\n<li>En objektiv unders\u00f8gelse af det perifere og centrale nervesystem.<\/li>\n<li>Planl\u00e6gning af evt. yderligere unders\u00f8gelser, eksempelvis en skanning af hjernen eller rygmarven, unders\u00f8gelse af nerver i arme eller ben samt blodpr\u00f8ver.<\/li>\n<li>Aftale om behandling og opf\u00f8lgning<\/li>\n<\/ul>\n<hr \/>\n<p>&nbsp;<\/p>\n<p>Nedenfor er nogle eksempler p\u00e5 problemstillinger som du kan blive henvist for.<\/p>\n<ul>\n<li>Migr\u00e6ne eller anden hovedpine<\/li>\n<li>Mistanke eller bekymring for hjernesvulst<\/li>\n<li>Mistanke eller bekymring\u00a0for sklerose<\/li>\n<li>Anfald, epilepsi, og\u00a0besvimelser<\/li>\n<li>Nedsat kraft i arme eller ben<\/li>\n<li>Rygsmerter\/mistanke til diskusprolaps<\/li>\n<li>Rystesygdomme eks. parkinsons sygdom, tremor eller dystoni<\/li>\n<li>Balanceforstyrrelser og gangforstyrrelser<\/li>\n<li>Hvilel\u00f8se ben<\/li>\n<li>F\u00f8leforstyrelser i huden<\/li>\n<li>Svimmelhed<\/li>\n<li>Forbig\u00e5ende symptomer som talebesv\u00e6r, lammelse eller synsforstyrrelser<\/li>\n<li>Hukommelses-problemer, demens<\/li>\n<li>Nervebet\u00e6ndelse<\/li>\n<\/ul>\n","protected":false},"excerpt":{"rendered":"<p>Hos os kan du blive unders\u00f8gt og behandlet for sygdomme i nervesystemet. En neurologisk unders\u00f8gelse omfatter typisk En samtale om tidligere sygdomme og de aktuelle symptomer En objektiv unders\u00f8gelse af det perifere og centrale nervesystem. Planl\u00e6gning af evt. yderligere unders\u00f8gelser, eksempelvis en skanning af hjernen eller rygmarven, unders\u00f8gelse af nerver i arme eller ben samt [&hellip;]<\/p>\n","protected":false},"author":1,"featured_media":0,"parent":0,"menu_order":0,"comment_status":"closed","ping_status":"closed","template":"","meta":{"footnotes":""},"class_list":["post-66","page","type-page","status-publish","hentry"],"_links":{"self":[{"href":"https:\/\/neurolog-aarhus.dk\/index.php?rest_route=\/wp\/v2\/pages\/66","targetHints":{"allow":["GET"]}}],"collection":[{"href":"https:\/\/neurolog-aarhus.dk\/index.php?rest_route=\/wp\/v2\/pages"}],"about":[{"href":"https:\/\/neurolog-aarhus.dk\/index.php?rest_route=\/wp\/v2\/types\/page"}],"author":[{"embeddable":true,"href":"https:\/\/neurolog-aarhus.dk\/index.php?rest_route=\/wp\/v2\/users\/1"}],"replies":[{"embeddable":true,"href":"https:\/\/neurolog-aarhus.dk\/index.php?rest_route=%2Fwp%2Fv2%2Fcomments&post=66"}],"version-history":[{"count":3,"href":"https:\/\/neurolog-aarhus.dk\/index.php?rest_route=\/wp\/v2\/pages\/66\/revisions"}],"predecessor-version":[{"id":3089,"href":"https:\/\/neurolog-aarhus.dk\/index.php?rest_route=\/wp\/v2\/pages\/66\/revisions\/3089"}],"wp:attachment":[{"href":"https:\/\/neurolog-aarhus.dk\/index.php?rest_route=%2Fwp%2Fv2%2Fmedia&parent=66"}],"curies":[{"name":"wp","href":"https:\/\/api.w.org\/{rel}","templated":true}]}}